{"id":278,"date":"2017-04-18T16:26:50","date_gmt":"2017-04-18T14:26:50","guid":{"rendered":"http:\/\/www.ornithologies.fr\/blog\/?page_id=278"},"modified":"2025-05-26T11:13:51","modified_gmt":"2025-05-26T09:13:51","slug":"lunion-ornithologique-de-france","status":"publish","type":"page","link":"https:\/\/www.ornithologies.fr\/blog\/lunion-ornithologique-de-france\/","title":{"rendered":"L&#8217;Union Ornithologique de France"},"content":{"rendered":"\n<figure class=\"wp-block-image alignleft\"><a href=\"https:\/\/www.ornithologies.fr\/blog\/wp-content\/uploads\/presentationuof.jpg\"><img loading=\"lazy\" decoding=\"async\" width=\"183\" height=\"160\" src=\"https:\/\/www.ornithologies.fr\/blog\/wp-content\/uploads\/presentationuof.png\" alt=\"\" class=\"wp-image-280\" srcset=\"https:\/\/www.ornithologies.fr\/blog\/wp-content\/uploads\/presentationuof.png 183w, https:\/\/www.ornithologies.fr\/blog\/wp-content\/uploads\/presentationuof-100x87.png 100w, https:\/\/www.ornithologies.fr\/blog\/wp-content\/uploads\/presentationuof-150x131.png 150w\" sizes=\"auto, (max-width: 183px) 100vw, 183px\" \/><\/a><figcaption class=\"wp-element-caption\">\u00a9 Diamant mandarin poitrine blanche gris &#8211; Photo Philippe ROCHER<\/figcaption><\/figure>\n\n\n\n<h2 class=\"wp-block-heading\">L&#8217;UOF regroupe 170 associations locales affili\u00e9es \u00e0 13 R\u00e9gions m\u00e9tropolitaines et une outre mer, la R\u00e9union.<\/h2>\n\n\n\n<p>Ce sont pr\u00e8s de <strong>3500 <\/strong>\u00e9leveurs bagueurs qui, sous le sigle de l\u2019UOF, \u00e9l\u00e8vent chaque ann\u00e9e environ <strong>300000<\/strong> oiseaux&nbsp;: canaris de chant, de couleurs, de posture, indig\u00e8nes, exotiques, psittacid\u00e9s, au total 600 esp\u00e8ces environ.<\/p>\n\n\n\n<p>L\u2019UOF est membre de la <strong>Conf\u00e9d\u00e9ration Ornithologique&nbsp;Mondiale (COM)<\/strong> via sa repr\u00e9sentante en France, la <strong>COM France<\/strong>, \u00e0 la direction de laquelle elle participe.<\/p>\n\n\n\n<p>Elle agit \u00e9galement au sein de l&#8217;<strong>UNICAB (Union Naturaliste pour les Int\u00e9r\u00eats de la Conservation Animale et de la Biodiversit\u00e9)<\/strong>, coalition ayant pour mission la promotion de l\u2019\u00e9levage professionnel ou non, d\u2019animaux d\u2019esp\u00e8ces non domestiques, dans le respect du bien-\u00eatre animal, en soutenant l\u2019\u00e9levage de conservation, et la mise en \u0153uvre d\u2019actions juridiques et politiques aptes \u00e0 faire \u00e9chec aux atteintes dont est victime notre passion.<\/p>\n\n\n\n<ul class=\"wp-block-list\">\n<li><a href=\"https:\/\/www.ornithologies.fr\/blog\/lunion-ornithologique-de-france\/le-bureau\/\">Le Bureau<\/a><\/li>\n\n\n\n<li><a href=\"https:\/\/www.ornithologies.fr\/blog\/lunion-ornithologique-de-france\/nos-specialistes\/groupes-de-travail-et-personnes-rattaches-au-bureau\/\">Groupes de travail et personnes rattach\u00e9s au Bureau<\/a><\/li>\n\n\n\n<li><a href=\"https:\/\/www.ornithologies.fr\/blog\/lunion-ornithologique-de-france\/nos-specialistes\/les-postes-referents\/\">Les postes r\u00e9f\u00e9rents<\/a><\/li>\n<\/ul>\n\n\n\n<figure class=\"wp-block-image alignright\"><a href=\"https:\/\/www.ornithologies.fr\/blog\/wp-content\/uploads\/presentationuof2.jpg\"><img loading=\"lazy\" decoding=\"async\" width=\"160\" height=\"252\" src=\"https:\/\/www.ornithologies.fr\/blog\/wp-content\/uploads\/presentationuof2.png\" alt=\"\" class=\"wp-image-282\" srcset=\"https:\/\/www.ornithologies.fr\/blog\/wp-content\/uploads\/presentationuof2.png 160w, https:\/\/www.ornithologies.fr\/blog\/wp-content\/uploads\/presentationuof2-100x158.png 100w, https:\/\/www.ornithologies.fr\/blog\/wp-content\/uploads\/presentationuof2-150x236.png 150w\" sizes=\"auto, (max-width: 160px) 100vw, 160px\" \/><\/a><figcaption class=\"wp-element-caption\">\u00a9 Cacatoes de Leadbeater &#8211; Photo Philippe ROCHER<\/figcaption><\/figure>\n\n\n\n<p>Chaque ann\u00e9e, elle organise de nombreuses expositions, des bourses, des concours locaux, 13 concours r\u00e9gionaux et un national.<\/p>\n\n\n\n<p>Elle est la seule, en France, \u00e0 organiser des <strong>Championnats du Monde de la COM<\/strong>, dont le dernier, apr\u00e8s Nice, Reims, Amiens, eut lieu \u00e0 <a href=\"http:\/\/mondial2011.ornithologies.fr\" target=\"_blank\" rel=\"noopener noreferrer\">TOURS<\/a>, en janvier 2011.<\/p>\n\n\n\n<h3 class=\"wp-block-heading\"> Le prochain Championnat du Monde accueilli par l&#8217;UOF (COM France) aura lieu \u00e0 Colmar du 21 au 23 janvier 2028<\/h3>\n\n\n\n<p>Vous pouvez rejoindre l\u2019UOF soit en adh\u00e9rant \u00e0 un club local, soit en tant qu\u2019adh\u00e9rent direct&nbsp;; la liste des clubs et les conditions d\u2019adh\u00e9sions sont indiqu\u00e9es <a href=\"https:\/\/www.ornithologies.fr\/blog\/rejoindre-luof\/\">ci-apr\u00e8s<\/a>.<\/p>\n\n\n\n<hr class=\"wp-block-separator has-alpha-channel-opacity is-style-default\"\/>\n\n\n\n<figure class=\"wp-block-image alignleft\"><img decoding=\"async\" src=\"https:\/\/www.ornithologies.fr\/blog\/wp-content\/uploads\/neophemasplendidabve-e1509703826524.png\" alt=\"\"\/><\/figure>\n\n\n\n<h3 class=\"wp-block-heading\">Devenez membre de l&#8217;UOF<\/h3>\n\n\n\n<p>Que ce soit par <a title=\"Adh\u00e9sion \u00e0 Distance\" href=\"https:\/\/www.ornithologies.fr\/blog\/rejoindre-luof\/ladhesion-directe\/\">Adh\u00e9sion Directe<\/a> ou en rejoignant un <a title=\"Liste des Clubs affili\u00e9s \u00e0 l'Union Ornithologique de France\" href=\"https:\/\/www.ornithologies.fr\/blog\/rejoindre-luof\/rejoignez-un-club\/\">Club Affili\u00e9<\/a>, inscrivez-vous et b\u00e9n\u00e9ficiez des nombreux avantages d\u00e8s maintenant.<\/p>\n\n\n\n<div class=\"wp-block-buttons is-content-justification-center is-layout-flex wp-container-core-buttons-is-layout-a89b3969 wp-block-buttons-is-layout-flex\">\n<div class=\"wp-block-button\"><a class=\"wp-block-button__link has-text-align-center wp-element-button\" href=\"https:\/\/www.ornithologies.fr\/blog\/rejoindre-luof\/\">Adh\u00e9rer<\/a><\/div>\n<\/div>\n\n\n\n<hr class=\"wp-block-separator has-alpha-channel-opacity is-style-wide\"\/>\n\n\n<div class=\"bc_random_banner\" data-id=\"66\" data-url=\"https:\/\/www.ornithologies.fr\/blog\/wp-admin\/admin-ajax.php?action=bc_rb_ads_click&#038;nonce=603a89c50f\"><a target=\"_blank\" href=\"https:\/\/ardapcare.com\/en\/collections\/vogelprodukte\" title=\"Pub-Quiko-canari\"><img decoding=\"async\"  src=\"https:\/\/www.ornithologies.fr\/blog\/wp-content\/uploads\/Pub-Quiko-canari.jpg?v=455365\"  title=\"Pub-Quiko-canari\"\/><\/a><\/div>\n","protected":false},"excerpt":{"rendered":"<p>L&#8217;UOF regroupe 170 associations locales affili\u00e9es \u00e0 13 R\u00e9gions m\u00e9tropolitaines et une outre mer, la R\u00e9union. Ce sont pr\u00e8s de<\/p>\n","protected":false},"author":1,"featured_media":0,"parent":0,"menu_order":0,"comment_status":"closed","ping_status":"closed","template":"","meta":{"footnotes":""},"class_list":["post-278","page","type-page","status-publish","hentry"],"_links":{"self":[{"href":"https:\/\/www.ornithologies.fr\/blog\/wp-json\/wp\/v2\/pages\/278","targetHints":{"allow":["GET"]}}],"collection":[{"href":"https:\/\/www.ornithologies.fr\/blog\/wp-json\/wp\/v2\/pages"}],"about":[{"href":"https:\/\/www.ornithologies.fr\/blog\/wp-json\/wp\/v2\/types\/page"}],"author":[{"embeddable":true,"href":"https:\/\/www.ornithologies.fr\/blog\/wp-json\/wp\/v2\/users\/1"}],"replies":[{"embeddable":true,"href":"https:\/\/www.ornithologies.fr\/blog\/wp-json\/wp\/v2\/comments?post=278"}],"version-history":[{"count":10,"href":"https:\/\/www.ornithologies.fr\/blog\/wp-json\/wp\/v2\/pages\/278\/revisions"}],"predecessor-version":[{"id":5841,"href":"https:\/\/www.ornithologies.fr\/blog\/wp-json\/wp\/v2\/pages\/278\/revisions\/5841"}],"wp:attachment":[{"href":"https:\/\/www.ornithologies.fr\/blog\/wp-json\/wp\/v2\/media?parent=278"}],"curies":[{"name":"wp","href":"https:\/\/api.w.org\/{rel}","templated":true}]}}