{"id":2162,"date":"2020-12-28T11:42:43","date_gmt":"2020-12-28T10:42:43","guid":{"rendered":"http:\/\/www.ornithologies.fr\/blog\/?page_id=2162"},"modified":"2024-02-13T17:38:00","modified_gmt":"2024-02-13T16:38:00","slug":"accueil","status":"publish","type":"page","link":"https:\/\/www.ornithologies.fr\/blog\/accueil\/","title":{"rendered":"Accueil"},"content":{"rendered":"<div class=\"su-image-carousel  su-image-carousel-has-spacing su-image-carousel-crop su-image-carousel-crop-16-10 su-image-carousel-has-outline su-image-carousel-adaptive su-image-carousel-slides-style-minimal su-image-carousel-controls-style-light su-image-carousel-align-center\" style=\"\" data-flickity-options='{\"groupCells\":true,\"cellSelector\":\".su-image-carousel-item\",\"adaptiveHeight\":false,\"cellAlign\":\"left\",\"prevNextButtons\":true,\"pageDots\":false,\"autoPlay\":5000,\"imagesLoaded\":true,\"contain\":true,\"selectedAttraction\":0.025,\"friction\":0.28}' id=\"su_image_carousel_6a01f521a5a50\"><div class=\"su-image-carousel-item\"><div class=\"su-image-carousel-item-content\"><a href=\"https:\/\/www.ornithologies.fr\/blog\/blog\/congres-de-luof-2026\/\" data-caption=\"Congr\u00e8s de l&#8217;UOF 2026\"><img loading=\"lazy\" decoding=\"async\" width=\"800\" height=\"477\" src=\"https:\/\/www.ornithologies.fr\/blog\/wp-content\/uploads\/Carte-Postale-Web-1-1024x610.jpg\" class=\"\" alt=\"\" srcset=\"https:\/\/www.ornithologies.fr\/blog\/wp-content\/uploads\/Carte-Postale-Web-1-1024x610.jpg 1024w, https:\/\/www.ornithologies.fr\/blog\/wp-content\/uploads\/Carte-Postale-Web-1-300x179.jpg 300w, https:\/\/www.ornithologies.fr\/blog\/wp-content\/uploads\/Carte-Postale-Web-1-150x89.jpg 150w, https:\/\/www.ornithologies.fr\/blog\/wp-content\/uploads\/Carte-Postale-Web-1-768x457.jpg 768w, https:\/\/www.ornithologies.fr\/blog\/wp-content\/uploads\/Carte-Postale-Web-1-1536x914.jpg 1536w, https:\/\/www.ornithologies.fr\/blog\/wp-content\/uploads\/Carte-Postale-Web-1.jpg 1920w\" sizes=\"auto, (max-width: 800px) 100vw, 800px\" \/><span>Congr\u00e8s de l&#8217;UOF 2026<\/span><\/a><\/div><\/div><div class=\"su-image-carousel-item\"><div class=\"su-image-carousel-item-content\"><a href=\"https:\/\/www.ornithologies.fr\/blog\/blog\/valeurs-dechange-pour-le-chardonneret-elegant\/\" data-caption=\"Valeurs d&#8217;\u00e9change pour le Chardonneret \u00e9l\u00e9gant\"><img loading=\"lazy\" decoding=\"async\" width=\"500\" height=\"647\" src=\"https:\/\/www.ornithologies.fr\/blog\/wp-content\/uploads\/Couverture-Prix-de-vente-du-chardonneret.png\" class=\"\" alt=\"\" srcset=\"https:\/\/www.ornithologies.fr\/blog\/wp-content\/uploads\/Couverture-Prix-de-vente-du-chardonneret.png 500w, https:\/\/www.ornithologies.fr\/blog\/wp-content\/uploads\/Couverture-Prix-de-vente-du-chardonneret-232x300.png 232w, https:\/\/www.ornithologies.fr\/blog\/wp-content\/uploads\/Couverture-Prix-de-vente-du-chardonneret-116x150.png 116w\" sizes=\"auto, (max-width: 500px) 100vw, 500px\" \/><span>Valeurs d&#8217;\u00e9change pour le Chardonneret \u00e9l\u00e9gant<\/span><\/a><\/div><\/div><div class=\"su-image-carousel-item\"><div class=\"su-image-carousel-item-content\"><a href=\"https:\/\/www.ornithologies.fr\/blog\/blog\/dossier-i-fap\/\" data-caption=\"Dossier I-FAP\u00a0: point de situation\"><img loading=\"lazy\" decoding=\"async\" width=\"486\" height=\"500\" src=\"https:\/\/www.ornithologies.fr\/blog\/wp-content\/uploads\/I-FAP.png\" class=\"\" alt=\"\" srcset=\"https:\/\/www.ornithologies.fr\/blog\/wp-content\/uploads\/I-FAP.png 486w, https:\/\/www.ornithologies.fr\/blog\/wp-content\/uploads\/I-FAP-292x300.png 292w, https:\/\/www.ornithologies.fr\/blog\/wp-content\/uploads\/I-FAP-146x150.png 146w\" sizes=\"auto, (max-width: 486px) 100vw, 486px\" \/><span>Dossier I-FAP\u00a0: point de situation<\/span><\/a><\/div><\/div><div class=\"su-image-carousel-item\"><div class=\"su-image-carousel-item-content\"><a href=\"https:\/\/www.ornithologies.fr\/blog\/blog\/un-message-de-notre-president\/\" data-caption=\"Un message de notre pr\u00e9sident\"><img loading=\"lazy\" decoding=\"async\" width=\"800\" height=\"936\" src=\"https:\/\/www.ornithologies.fr\/blog\/wp-content\/uploads\/Daniel-Hans-2.jpg\" class=\"\" alt=\"\" srcset=\"https:\/\/www.ornithologies.fr\/blog\/wp-content\/uploads\/Daniel-Hans-2.jpg 875w, https:\/\/www.ornithologies.fr\/blog\/wp-content\/uploads\/Daniel-Hans-2-256x300.jpg 256w, https:\/\/www.ornithologies.fr\/blog\/wp-content\/uploads\/Daniel-Hans-2-128x150.jpg 128w, https:\/\/www.ornithologies.fr\/blog\/wp-content\/uploads\/Daniel-Hans-2-768x899.jpg 768w\" sizes=\"auto, (max-width: 800px) 100vw, 800px\" \/><span>Un message de notre pr\u00e9sident<\/span><\/a><\/div><\/div><div class=\"su-image-carousel-item\"><div class=\"su-image-carousel-item-content\"><a href=\"https:\/\/www.ornithologies.fr\/blog\/blog\/congres-de-luof-2025\/\" data-caption=\"Retour sur le Congr\u00e8s de l&#8217;UOF 2025\"><img loading=\"lazy\" decoding=\"async\" width=\"800\" height=\"477\" src=\"https:\/\/www.ornithologies.fr\/blog\/wp-content\/uploads\/Carte-Postale-web-1024x610.jpg\" class=\"\" alt=\"\" srcset=\"https:\/\/www.ornithologies.fr\/blog\/wp-content\/uploads\/Carte-Postale-web-1024x610.jpg 1024w, https:\/\/www.ornithologies.fr\/blog\/wp-content\/uploads\/Carte-Postale-web-300x179.jpg 300w, https:\/\/www.ornithologies.fr\/blog\/wp-content\/uploads\/Carte-Postale-web-150x89.jpg 150w, https:\/\/www.ornithologies.fr\/blog\/wp-content\/uploads\/Carte-Postale-web-768x457.jpg 768w, https:\/\/www.ornithologies.fr\/blog\/wp-content\/uploads\/Carte-Postale-web-1536x914.jpg 1536w, https:\/\/www.ornithologies.fr\/blog\/wp-content\/uploads\/Carte-Postale-web.jpg 1920w\" sizes=\"auto, (max-width: 800px) 100vw, 800px\" \/><span>Retour sur le Congr\u00e8s de l&#8217;UOF 2025<\/span><\/a><\/div><\/div><\/div><script id=\"su_image_carousel_6a01f521a5a50_script\">if(window.SUImageCarousel){setTimeout(function() {window.SUImageCarousel.initGallery(document.getElementById(\"su_image_carousel_6a01f521a5a50\"))}, 0);}var su_image_carousel_6a01f521a5a50_script=document.getElementById(\"su_image_carousel_6a01f521a5a50_script\");if(su_image_carousel_6a01f521a5a50_script){su_image_carousel_6a01f521a5a50_script.parentNode.removeChild(su_image_carousel_6a01f521a5a50_script);}<\/script>\n","protected":false},"excerpt":{"rendered":"","protected":false},"author":1,"featured_media":0,"parent":0,"menu_order":0,"comment_status":"closed","ping_status":"closed","template":"","meta":{"footnotes":""},"class_list":["post-2162","page","type-page","status-publish","hentry"],"_links":{"self":[{"href":"https:\/\/www.ornithologies.fr\/blog\/wp-json\/wp\/v2\/pages\/2162","targetHints":{"allow":["GET"]}}],"collection":[{"href":"https:\/\/www.ornithologies.fr\/blog\/wp-json\/wp\/v2\/pages"}],"about":[{"href":"https:\/\/www.ornithologies.fr\/blog\/wp-json\/wp\/v2\/types\/page"}],"author":[{"embeddable":true,"href":"https:\/\/www.ornithologies.fr\/blog\/wp-json\/wp\/v2\/users\/1"}],"replies":[{"embeddable":true,"href":"https:\/\/www.ornithologies.fr\/blog\/wp-json\/wp\/v2\/comments?post=2162"}],"version-history":[{"count":4,"href":"https:\/\/www.ornithologies.fr\/blog\/wp-json\/wp\/v2\/pages\/2162\/revisions"}],"predecessor-version":[{"id":4799,"href":"https:\/\/www.ornithologies.fr\/blog\/wp-json\/wp\/v2\/pages\/2162\/revisions\/4799"}],"wp:attachment":[{"href":"https:\/\/www.ornithologies.fr\/blog\/wp-json\/wp\/v2\/media?parent=2162"}],"curies":[{"name":"wp","href":"https:\/\/api.w.org\/{rel}","templated":true}]}}