{"id":18,"date":"2017-03-30T10:41:29","date_gmt":"2017-03-30T08:41:29","guid":{"rendered":"http:\/\/www.ornithologies.fr\/blog\/?page_id=18"},"modified":"2025-10-23T16:14:59","modified_gmt":"2025-10-23T14:14:59","slug":"rejoindre-luof","status":"publish","type":"page","link":"https:\/\/www.ornithologies.fr\/blog\/rejoindre-luof\/","title":{"rendered":"Rejoindre l&#8217;UOF"},"content":{"rendered":"\n<h1 class=\"wp-block-heading\">Devenez membre de l&#8217;UOF<\/h1>\n\n\n\n<p>Pour s&#8217;inscrire et b\u00e9n\u00e9ficier des nombreux avantages, il existe 2 mani\u00e8res selon vos pr\u00e9f\u00e9rences :<\/p>\n\n\n\n<div class=\"wp-block-buttons is-content-justification-center is-layout-flex wp-container-core-buttons-is-layout-a89b3969 wp-block-buttons-is-layout-flex\">\n<div class=\"wp-block-button\"><a class=\"wp-block-button__link wp-element-button\" href=\"https:\/\/www.ornithologies.fr\/blog\/rejoindre-luof\/rejoignez-un-club\/\">Rejoindre un club<\/a><\/div>\n\n\n\n<div class=\"wp-block-button\"><a class=\"wp-block-button__link wp-element-button\" href=\"https:\/\/www.ornithologies.fr\/blog\/rejoindre-luof\/ladhesion-directe\/\">Adh\u00e9sion directe<\/a><\/div>\n<\/div>\n\n\n\n<hr class=\"wp-block-separator has-css-opacity\"\/>\n\n\n\n<h2 class=\"wp-block-heading\">A quoi va servir votre cotisation ?<\/h2>\n\n\n\n<p>L&#8217;UOF vous fournit tous les services que vous pouvez attendre d&#8217;une f\u00e9d\u00e9ration, les bagues officielles comme exemple. Cependant les besoins des \u00e9leveurs \u00e9voluent en permanence, notamment du fait de l&#8217;\u00e9volution de la l\u00e9gislation r\u00e9gissant notre passion. La modernisation des moyens de communication impose \u00e9galement un service toujours plus adapt\u00e9. L&#8217;organisation de nos grands rendez-vous est plus que jamais l&#8217;objectif principal de notre Union, afin de pr\u00e9senter notre passion au grand public toujours dans le respect du bien-\u00eatre animal.<\/p>\n\n\n\n<h3 class=\"wp-block-heading\">Plus concr\u00e8tement :<\/h3>\n\n\n\n<p>Sur la cotisation qui vous sera demand\u00e9e par le club dont vous d\u00e9pendrez une partie revient \u00e0 l&#8217;Union Ornithologique de France et permet de financer :<\/p>\n\n\n\n<h4 class=\"wp-block-heading\">L&#8217;organisation de grands rendez-vous ornithologiques<\/h4>\n\n\n\n<ul class=\"wp-block-list puceverte\">\n<li>Championnat de France des Oiseaux d&#8217;\u00e9levage &#8211; Congr\u00e8s&#8230; Championnat du Monde !<\/li>\n<\/ul>\n\n\n\n<h4 class=\"wp-block-heading\">Le convoyage gratuit des animaux<\/h4>\n\n\n\n<ul class=\"wp-block-list puceverte\">\n<li>Les \u00e9leveurs comp\u00e9titeurs ont \u00e0 leur disposition une \u00e9quipe de passionn\u00e9s qui conduiront leurs oiseaux aux championnats nationaux et mondiaux, tout en leur apportant tout le confort n\u00e9cessaire.<\/li>\n<\/ul>\n\n\n\n<h4 class=\"wp-block-heading\">La logistique<\/h4>\n\n\n\n<ul class=\"wp-block-list puceverte\">\n<li>L&#8217;entretien et le stockage du mat\u00e9riel n\u00e9cessaire \u00e0 l&#8217;organisation des manifestations de grande envergure.<\/li>\n<\/ul>\n\n\n\n<h4 class=\"wp-block-heading\">Une revue num\u00e9rique gratuite<\/h4>\n\n\n\n<ul class=\"wp-block-list puceverte\">\n<li>Mensuellement tous les &#8220;<a href=\"https:\/\/www.ornithologies.fr\/blog\/lesoiseauxdumonde\/\">Oiseaux du Monde<\/a>&#8221; s&#8217;invitent dans votre boite mail. Vous b\u00e9n\u00e9ficiez en outre d&#8217;une remise sur le prix public de l&#8217;<a href=\"https:\/\/www.ornithologies.fr\/blog\/lesoiseauxdumonde\/abonnez-vous\/\">abonnement<\/a> \u00e0 l&#8217;\u00e9dition papier.<\/li>\n<\/ul>\n\n\n\n<h4 class=\"wp-block-heading\">La veille sanitaire<\/h4>\n\n\n\n<ul class=\"wp-block-list puceverte\">\n<li>Vous disposez d&#8217;un compte rendu r\u00e9gulier des risques \u00e9pid\u00e9miques sur tout le territoire.<\/li>\n<\/ul>\n\n\n\n<h4 class=\"wp-block-heading\">La protection<\/h4>\n\n\n\n<ul class=\"wp-block-list puceverte\">\n<li>Nous nous investissons en faveur du bien-\u00eatre animal et vous en faisons profiter. Nous \u00e9laborons des programmes de protection pour conserver et d\u00e9velopper une grande richesse d&#8217;esp\u00e8ces dans nos voli\u00e8res et vous en \u00eates les principaux b\u00e9n\u00e9ficaires (<a href=\"https:\/\/www.ornithologies.fr\/blog\/blog\/2-programmes-pour-soutenir-lelevage\/\" data-type=\"post\" data-id=\"2192\">En savoir plus<\/a>).<\/li>\n<\/ul>\n\n\n\n<h4 class=\"wp-block-heading\">La recherche<\/h4>\n\n\n\n<ul class=\"wp-block-list puceverte\">\n<li>Nous subventionnons les clubs techniques ainsi que la Commission Nationale des Juges de France qui \u00e9laborent et am\u00e9liorent les standards, mettent \u00e0 disposition les juges experts et forment les \u00e9l\u00e8ves juges.<\/li>\n\n\n\n<li>Nous apportons aussi notre soutien aux programmes de recherche portant sur tous les aspects de l&#8217;oiseau.<\/li>\n\n\n\n<li>Enfin, nous tenons \u00e0 jour la classification nationale.<\/li>\n<\/ul>\n\n\n\n<h4 class=\"wp-block-heading\">A la pointe de la technologie<\/h4>\n\n\n\n<ul class=\"wp-block-list puceverte\">\n<li>Avec la suite ORNITHO (<a href=\"https:\/\/www.ornithologies.fr\/blog\/ornithonet\/\" data-type=\"page\" data-id=\"1746\">OrnithoNet<\/a>, OrnithoExpo, OrnithoJuges, <a href=\"https:\/\/www.ornithologies.fr\/blog\/ornitho-elevage\/\" data-type=\"page\" data-id=\"4047\">Ornitho-Elevage<\/a>), nous d\u00e9veloppons en permanence de nouveaux outils \u00e0 l&#8217;usage des clubs et des \u00e9leveurs pour faciliter l&#8217;\u00e9levage au quotidien, pour la gestion des membres, les commandes de bagues, l&#8217;organisation des concours et le jugement sur tablettes.<\/li>\n\n\n\n<li>Une \u00e9quipe compos\u00e9e d&#8217;animateurs de r\u00e9seaux sociaux, de charg\u00e9s de missions et d&#8217;un webmaster animent, informent et trouvent de nouvelles fonctionnalit\u00e9s exclusives au domaine ornithologies.fr.<\/li>\n\n\n\n<li>Les infos les plus importantes vous sont mensuellement adress\u00e9es par le biais d&#8217;une newsletter.<\/li>\n<\/ul>\n\n\n\n<h3 class=\"wp-block-heading\">Et c&#8217;est sans compter les services que les clubs vous fourniront.<\/h3>\n\n\n\n<div class=\"wp-block-buttons is-content-justification-center is-layout-flex wp-container-core-buttons-is-layout-a89b3969 wp-block-buttons-is-layout-flex\">\n<div class=\"wp-block-button\"><a class=\"wp-block-button__link wp-element-button\" href=\"https:\/\/www.ornithologies.fr\/blog\/rejoindre-luof\/rejoignez-un-club\/\">Rejoindre un club<\/a><\/div>\n\n\n\n<div class=\"wp-block-button\"><a class=\"wp-block-button__link wp-element-button\" href=\"https:\/\/www.ornithologies.fr\/blog\/rejoindre-luof\/ladhesion-directe\/\">Adh\u00e9sion directe<\/a><\/div>\n<\/div>\n\n\n\n<div style=\"height:25px\" aria-hidden=\"true\" class=\"wp-block-spacer\"><\/div>\n\n\n<div class=\"bc_random_banner\" data-id=\"63\" data-url=\"https:\/\/www.ornithologies.fr\/blog\/wp-admin\/admin-ajax.php?action=bc_rb_ads_click&#038;nonce=b89d6689dd\"><a target=\"_blank\" href=\"https:\/\/www.ornithologies.fr\/boutique\/librairie\/294-les-hybrides-l-elevage-d-oeuvres-d-art.html\" title=\"Pub-Hybrides\"><img decoding=\"async\"  src=\"https:\/\/www.ornithologies.fr\/blog\/wp-content\/uploads\/Pub-Hybrides.jpg?v=465587\"  title=\"Pub-Hybrides\"\/><\/a><\/div>\n","protected":false},"excerpt":{"rendered":"<p>Devenez membre de l&#8217;UOF Pour s&#8217;inscrire et b\u00e9n\u00e9ficier des nombreux avantages, il existe 2 mani\u00e8res selon vos pr\u00e9f\u00e9rences : A<\/p>\n","protected":false},"author":1,"featured_media":0,"parent":0,"menu_order":8,"comment_status":"closed","ping_status":"closed","template":"","meta":{"footnotes":""},"class_list":["post-18","page","type-page","status-publish","hentry"],"_links":{"self":[{"href":"https:\/\/www.ornithologies.fr\/blog\/wp-json\/wp\/v2\/pages\/18","targetHints":{"allow":["GET"]}}],"collection":[{"href":"https:\/\/www.ornithologies.fr\/blog\/wp-json\/wp\/v2\/pages"}],"about":[{"href":"https:\/\/www.ornithologies.fr\/blog\/wp-json\/wp\/v2\/types\/page"}],"author":[{"embeddable":true,"href":"https:\/\/www.ornithologies.fr\/blog\/wp-json\/wp\/v2\/users\/1"}],"replies":[{"embeddable":true,"href":"https:\/\/www.ornithologies.fr\/blog\/wp-json\/wp\/v2\/comments?post=18"}],"version-history":[{"count":5,"href":"https:\/\/www.ornithologies.fr\/blog\/wp-json\/wp\/v2\/pages\/18\/revisions"}],"predecessor-version":[{"id":5943,"href":"https:\/\/www.ornithologies.fr\/blog\/wp-json\/wp\/v2\/pages\/18\/revisions\/5943"}],"wp:attachment":[{"href":"https:\/\/www.ornithologies.fr\/blog\/wp-json\/wp\/v2\/media?parent=18"}],"curies":[{"name":"wp","href":"https:\/\/api.w.org\/{rel}","templated":true}]}}