{"id":1746,"date":"2020-09-30T10:08:38","date_gmt":"2020-09-30T08:08:38","guid":{"rendered":"http:\/\/www.ornithologies.fr\/blog\/?page_id=1746"},"modified":"2025-04-30T09:38:54","modified_gmt":"2025-04-30T07:38:54","slug":"ornithonet","status":"publish","type":"page","link":"https:\/\/www.ornithologies.fr\/blog\/ornithonet\/","title":{"rendered":"OrnithoNet"},"content":{"rendered":"\n<figure class=\"wp-block-image aligncenter\"><img loading=\"lazy\" decoding=\"async\" width=\"465\" height=\"167\" src=\"https:\/\/www.ornithologies.fr\/blog\/wp-content\/uploads\/ornithonet.jpg\" alt=\"\" class=\"wp-image-1328\" srcset=\"https:\/\/www.ornithologies.fr\/blog\/wp-content\/uploads\/ornithonet.jpg 465w, https:\/\/www.ornithologies.fr\/blog\/wp-content\/uploads\/ornithonet-300x108.jpg 300w, https:\/\/www.ornithologies.fr\/blog\/wp-content\/uploads\/ornithonet-100x36.jpg 100w, https:\/\/www.ornithologies.fr\/blog\/wp-content\/uploads\/ornithonet-150x54.jpg 150w, https:\/\/www.ornithologies.fr\/blog\/wp-content\/uploads\/ornithonet-200x72.jpg 200w, https:\/\/www.ornithologies.fr\/blog\/wp-content\/uploads\/ornithonet-450x162.jpg 450w\" sizes=\"auto, (max-width: 465px) 100vw, 465px\" \/><\/figure>\n\n\n\n<h1 class=\"wp-block-heading\">Nouveau : OrnithoNet se d\u00e9ploie pour toutes les plateformes.<\/h1>\n\n\n\n<p>Il est d\u00e9sormais possible de passer vos commandes de bagues sur le site internet <a href=\"https:\/\/ornithonet.com\/\">https:\/\/ornithonet.com<\/a> depuis Windows, Mac OS, Linux, Smartphone <em>(Android ou iOS IPhone)<\/em>, Smart TV, Smart Car etc&#8230; \u00e0 l\u2019aide de votre navigateur internet pr\u00e9f\u00e9r\u00e9&nbsp;: Microsoft Edge, Safari, Chrome, Firefox, Brave, Vivaldi etc. Vous pouvez \u00e9galement r\u00e9gler vos commandes de bagues express par carte bancaire sur <a href=\"https:\/\/ornithonet.com\/\">https:\/\/ornithonet.com<\/a> <em>(hors cotisation)<\/em>.<\/p>\n\n\n\n<h3 class=\"wp-block-heading\">Cela ne change pas la fa\u00e7on dont sont g\u00e9r\u00e9es vos commandes de bagues. Pour toutes questions les concernant, merci de vous adresser \u00e0 votre responsable bagues de club ou pour les adh\u00e9rents directs \u00e0 votre d\u00e9l\u00e9gu\u00e9.<\/h3>\n\n\n\n<p>Vous aurez besoin d\u2019avoir un compte sur OrnithoNet. Si ce n\u2019est pas d\u00e9j\u00e0 le cas, vous pouvez cr\u00e9er votre compte directement sur le site <a href=\"https:\/\/ornithonet.com\/\">https:\/\/ornithonet.com<\/a> \u00e0 l\u2019aide votre num\u00e9ro RNA qui se trouve sur votre carte d\u2019adh\u00e9rent. Vous pouvez \u00e9galement demander \u00e0 votre responsable de bague de club de vous communiquer votre num\u00e9ro RNA.<\/p>\n\n\n\n<p>D\u2019autres fonctionnalit\u00e9s seront ajout\u00e9es au cours de l\u2019ann\u00e9e sur <a href=\"https:\/\/ornithonet.com\/\">https:\/\/ornithonet.com<\/a> afin de permettre au plus grand nombre d\u2019acc\u00e9der aux diff\u00e9rents services de l\u2019UOF, quelque soit l\u2019appareil utilis\u00e9.<\/p>\n\n\n\n<h1 class=\"wp-block-heading\">OrnithoNet c&#8217;est quoi ?<\/h1>\n\n\n\n<p>C&#8217;est un logiciel tout en un qui permet aux adh\u00e9rents de l&#8217;UOF (COM France) de tenir \u00e0 jour les informations les concernant, leur laissant ainsi une parfaite ma\u00eetrise sur leur vie priv\u00e9e.<\/p>\n\n\n\n<p>C&#8217;est aussi un utilitaire qui permettra d&#8217;effectuer leurs commandes de bagues, suivre leurs enregistrements I-FAP, participer aux concours et retrouver des documents utiles ou essentiels \u00e0 la pratique de notre passion.<\/p>\n\n\n\n<h1 class=\"wp-block-heading\">Installer OrnithoNet<\/h1>\n\n\n\n<p>Pour cela il faut \u00e0 disposition un ordinateur sous Windows et un smartphone. Le smartphone est utile uniquement dans le but de valider l&#8217;authentification double facteur.<\/p>\n\n\n\n<h2 class=\"wp-block-heading\">Dans un premier temps installez une application d&#8217;authentification double facteur sur votre smartphone.<\/h2>\n\n\n\n<p>Il en existe plusieurs telles que Google authenticator ou encore Authy que vous trouverez dans Play Store (Smartphones sous Android). Vous trouverez dans cet article une vid\u00e9o vous expliquant le fonctionnement de cette application.<\/p>\n\n\n\n<h2 class=\"wp-block-heading\">Installation<\/h2>\n\n\n\n<p>Voici un tutoriel qui d\u00e9taille toutes les \u00e9tapes d&#8217;installation du logiciel :<\/p>\n\n\n\n<div class=\"wp-block-buttons is-content-justification-center is-layout-flex wp-container-core-buttons-is-layout-a89b3969 wp-block-buttons-is-layout-flex\">\n<div class=\"wp-block-button\"><a class=\"wp-block-button__link wp-element-button\" href=\"https:\/\/www.ornithologies.fr\/blog\/wp-content\/uploads\/Tuto-Ornithonet-et-inscription-concours.pdf\">Installation<\/a><\/div>\n\n\n\n<div class=\"wp-block-button\"><a class=\"wp-block-button__link wp-element-button\" href=\"https:\/\/www.ornithologies.fr\/blog\/wp-content\/uploads\/Tuto_connexion_ornithonet.pdf\">Premi\u00e8re connexion<\/a><\/div>\n<\/div>\n\n\n\n<p class=\"has-text-align-left\">&nbsp;<iframe loading=\"lazy\" src=\"https:\/\/www.youtube.com\/embed\/BvM6r2hW1Ks\" allowfullscreen=\"allowfullscreen\" width=\"560\" height=\"315\" frameborder=\"0\"><\/iframe><\/p>\n\n\n<div class=\"bc_random_banner\" data-id=\"63\" data-url=\"https:\/\/www.ornithologies.fr\/blog\/wp-admin\/admin-ajax.php?action=bc_rb_ads_click&#038;nonce=b89d6689dd\"><a target=\"_blank\" href=\"https:\/\/www.ornithologies.fr\/boutique\/librairie\/294-les-hybrides-l-elevage-d-oeuvres-d-art.html\" title=\"Pub-Hybrides\"><img decoding=\"async\"  src=\"https:\/\/www.ornithologies.fr\/blog\/wp-content\/uploads\/Pub-Hybrides.jpg?v=682385\"  title=\"Pub-Hybrides\"\/><\/a><\/div>\n","protected":false},"excerpt":{"rendered":"<p>Nouveau : OrnithoNet se d\u00e9ploie pour toutes les plateformes. Il est d\u00e9sormais possible de passer vos commandes de bagues sur<\/p>\n","protected":false},"author":1,"featured_media":0,"parent":0,"menu_order":0,"comment_status":"closed","ping_status":"closed","template":"","meta":{"footnotes":""},"class_list":["post-1746","page","type-page","status-publish","hentry"],"_links":{"self":[{"href":"https:\/\/www.ornithologies.fr\/blog\/wp-json\/wp\/v2\/pages\/1746","targetHints":{"allow":["GET"]}}],"collection":[{"href":"https:\/\/www.ornithologies.fr\/blog\/wp-json\/wp\/v2\/pages"}],"about":[{"href":"https:\/\/www.ornithologies.fr\/blog\/wp-json\/wp\/v2\/types\/page"}],"author":[{"embeddable":true,"href":"https:\/\/www.ornithologies.fr\/blog\/wp-json\/wp\/v2\/users\/1"}],"replies":[{"embeddable":true,"href":"https:\/\/www.ornithologies.fr\/blog\/wp-json\/wp\/v2\/comments?post=1746"}],"version-history":[{"count":10,"href":"https:\/\/www.ornithologies.fr\/blog\/wp-json\/wp\/v2\/pages\/1746\/revisions"}],"predecessor-version":[{"id":5759,"href":"https:\/\/www.ornithologies.fr\/blog\/wp-json\/wp\/v2\/pages\/1746\/revisions\/5759"}],"wp:attachment":[{"href":"https:\/\/www.ornithologies.fr\/blog\/wp-json\/wp\/v2\/media?parent=1746"}],"curies":[{"name":"wp","href":"https:\/\/api.w.org\/{rel}","templated":true}]}}