{"id":259,"date":"2017-05-29T17:37:28","date_gmt":"2017-05-29T15:37:28","guid":{"rendered":"http:\/\/www.ornithologies.fr\/blog\/lesoiseauxdumonde\/?page_id=259"},"modified":"2020-12-18T09:25:20","modified_gmt":"2020-12-18T08:25:20","slug":"agenda","status":"publish","type":"page","link":"https:\/\/www.ornithologies.fr\/blog\/lesoiseauxdumonde\/agenda\/","title":{"rendered":"Le Calendrier des Concours"},"content":{"rendered":"<h1><img loading=\"lazy\" decoding=\"async\" class=\"alignright wp-image-257 size-medium\" src=\"https:\/\/www.ornithologies.fr\/blog\/lesoiseauxdumonde\/wp-content\/uploads\/sites\/4\/calendrier-300x194.png\" alt=\"\" width=\"300\" height=\"194\" srcset=\"https:\/\/www.ornithologies.fr\/blog\/lesoiseauxdumonde\/wp-content\/uploads\/sites\/4\/calendrier-300x194.png 300w, https:\/\/www.ornithologies.fr\/blog\/lesoiseauxdumonde\/wp-content\/uploads\/sites\/4\/calendrier-150x97.png 150w, https:\/\/www.ornithologies.fr\/blog\/lesoiseauxdumonde\/wp-content\/uploads\/sites\/4\/calendrier.png 405w\" sizes=\"auto, (max-width: 300px) 100vw, 300px\" \/><\/h1>\n<h1>Retrouvez sur votre agenda tous les concours UOF.<\/h1>\n<p>L&rsquo;agenda est mis \u00e0 jour mensuellement depuis les informations recueillies dans Ornithonet. Y figurent \u00e9galement les concours organis\u00e9s par les clubs techniques affili\u00e9s \u00e0 l&rsquo;UOF.<\/p>\n<p><!--more--><\/p>\n<p style=\"text-align: center;\"><a class=\"bouton\" href=\"http:\/\/www.ornithologies.fr\/calendriers\/concoursuof.pdf\" target=\"_blank\" rel=\"noreferrer noopener\" data-rich-text-format-boundary=\"true\"><img loading=\"lazy\" decoding=\"async\" class=\"alignnone\" src=\"http:\/\/www.ornithologies.fr\/blog\/competitions\/wp-content\/uploads\/sites\/5\/Imprimer.png\" alt=\"\" width=\"40\" height=\"40\" \/> T\u00e9l\u00e9charger en PDF<\/a><\/p>\n<p><!--more--><\/p>\n<h6><span class=\"texterouge\">Rappel important \u00e0 l&rsquo;attention des organisateurs :<\/span> votre concours doit \u00eatre r\u00e9pertori\u00e9 dans Ornithonet pour pouvoir utiliser le logiciel de concours de l&rsquo;UOF.<\/h6>\n<p>Ce calendrier vous permet d&rsquo;importer des concours dans votre agenda pr\u00e9f\u00e9r\u00e9.<\/p>\n[largecalendar http:\/\/www.ornithologies.fr\/calendriers\/concoursuof.ics months=9 listtype=14]\n<hr \/>\n<p style=\"text-align: center;\"><div class=\"bc_random_banner\" data-id=\"55\" data-url=\"https:\/\/www.ornithologies.fr\/blog\/lesoiseauxdumonde\/wp-admin\/admin-ajax.php?action=bc_rb_ads_click&#038;nonce=73439e9d32\"><a target=\"_blank\" href=\"http:\/\/www.cnjf.org\/\" title=\"Pub-CNJF\"><img decoding=\"async\" style=width:1280px; height:1811px src=\"https:\/\/www.ornithologies.fr\/blog\/lesoiseauxdumonde\/wp-content\/uploads\/sites\/4\/Pub-CNJF.jpg?v=404871\"  title=\"Pub-CNJF\"\/><\/a><\/div>\n","protected":false},"excerpt":{"rendered":"<h1><\/h1>\n<h1>Retrouvez sur votre agenda tous les concours UOF.<\/h1>\n<p>L&rsquo;agenda est mis \u00e0 jour mensuellement depuis les informations recueillies dans Ornithonet. Y figurent \u00e9galement les concours organis\u00e9s par les clubs techniques affili\u00e9s \u00e0 l&rsquo;UOF.<\/p><p><a class=\"more-link btn\" href=\"https:\/\/www.ornithologies.fr\/blog\/lesoiseauxdumonde\/agenda\/\">Lire la suite<\/a><\/p>\n","protected":false},"author":1,"featured_media":0,"parent":0,"menu_order":1,"comment_status":"closed","ping_status":"closed","template":"","meta":{"footnotes":""},"class_list":["post-259","page","type-page","status-publish","hentry","nodate","item-wrap"],"_links":{"self":[{"href":"https:\/\/www.ornithologies.fr\/blog\/lesoiseauxdumonde\/wp-json\/wp\/v2\/pages\/259","targetHints":{"allow":["GET"]}}],"collection":[{"href":"https:\/\/www.ornithologies.fr\/blog\/lesoiseauxdumonde\/wp-json\/wp\/v2\/pages"}],"about":[{"href":"https:\/\/www.ornithologies.fr\/blog\/lesoiseauxdumonde\/wp-json\/wp\/v2\/types\/page"}],"author":[{"embeddable":true,"href":"https:\/\/www.ornithologies.fr\/blog\/lesoiseauxdumonde\/wp-json\/wp\/v2\/users\/1"}],"replies":[{"embeddable":true,"href":"https:\/\/www.ornithologies.fr\/blog\/lesoiseauxdumonde\/wp-json\/wp\/v2\/comments?post=259"}],"version-history":[{"count":2,"href":"https:\/\/www.ornithologies.fr\/blog\/lesoiseauxdumonde\/wp-json\/wp\/v2\/pages\/259\/revisions"}],"predecessor-version":[{"id":1902,"href":"https:\/\/www.ornithologies.fr\/blog\/lesoiseauxdumonde\/wp-json\/wp\/v2\/pages\/259\/revisions\/1902"}],"wp:attachment":[{"href":"https:\/\/www.ornithologies.fr\/blog\/lesoiseauxdumonde\/wp-json\/wp\/v2\/media?parent=259"}],"curies":[{"name":"wp","href":"https:\/\/api.w.org\/{rel}","templated":true}]}}

<h1><img loading="lazy" decoding="async" class="alignright wp-image-257 size-medium" src="https://www.ornithologies.fr/blog/lesoiseauxdumonde/wp-content/uploads/sites/4/calendrier-300x194.png" alt="" width="300" height="194" srcset="https://www.ornithologies.fr/blog/lesoiseauxdumonde/wp-content/uploads/sites/4/calendrier-300x194.png 300w, https://www.ornithologies.fr/blog/lesoiseauxdumonde/wp-content/uploads/sites/4/calendrier-150x97.png 150w, https://www.ornithologies.fr/blog/lesoiseauxdumonde/wp-content/uploads/sites/4/calendrier.png 405w" sizes="auto, (max-width: 300px) 100vw, 300px" /></h1>
<h1>Retrouvez sur votre agenda tous les concours UOF.</h1>
<p>L&rsquo;agenda est mis à jour mensuellement depuis les informations recueillies dans Ornithonet. Y figurent également les concours organisés par les clubs techniques affiliés à l&rsquo;UOF.</p>
<p><!--more--></p>
<p style="text-align: center;"><a class="bouton" href="http://www.ornithologies.fr/calendriers/concoursuof.pdf" target="_blank" rel="noreferrer noopener" data-rich-text-format-boundary="true"><img loading="lazy" decoding="async" class="alignnone" src="http://www.ornithologies.fr/blog/competitions/wp-content/uploads/sites/5/Imprimer.png" alt="" width="40" height="40" /> Télécharger en PDF</a></p>
<p><!--more--></p>
<h6><span class="texterouge">Rappel important à l&rsquo;attention des organisateurs :</span> votre concours doit être répertorié dans Ornithonet pour pouvoir utiliser le logiciel de concours de l&rsquo;UOF.</h6>
<p>Ce calendrier vous permet d&rsquo;importer des concours dans votre agenda préféré.</p>
[largecalendar http://www.ornithologies.fr/calendriers/concoursuof.ics months=9 listtype=14]
<hr />
<p style="text-align: center;"><div class="bc_random_banner" data-id="55" data-url="https://www.ornithologies.fr/blog/lesoiseauxdumonde/wp-admin/admin-ajax.php?action=bc_rb_ads_click&#038;nonce=73439e9d32"><a target="_blank" href="http://www.cnjf.org/" title="Pub-CNJF"><img decoding="async" style=width:1280px; height:1811px src="https://www.ornithologies.fr/blog/lesoiseauxdumonde/wp-content/uploads/sites/4/Pub-CNJF.jpg?v=404871"  title="Pub-CNJF"/></a></div>

<h1></h1>
<h1>Retrouvez sur votre agenda tous les concours UOF.</h1>
<p>L&rsquo;agenda est mis à jour mensuellement depuis les informations recueillies dans Ornithonet. Y figurent également les concours organisés par les clubs techniques affiliés à l&rsquo;UOF.</p><p><a class="more-link btn" href="https://www.ornithologies.fr/blog/lesoiseauxdumonde/agenda/">Lire la suite</a></p>
