{"id":1143,"date":"2018-07-18T12:40:15","date_gmt":"2018-07-18T10:40:15","guid":{"rendered":"http:\/\/www.ornithologies.fr\/blog\/competitions\/?page_id=1143"},"modified":"2026-03-05T17:52:30","modified_gmt":"2026-03-05T16:52:30","slug":"agenda","status":"publish","type":"page","link":"https:\/\/www.ornithologies.fr\/blog\/competitions\/agenda\/","title":{"rendered":"Le Calendrier des Concours"},"content":{"rendered":"\n<h2 class=\"wp-block-heading\"><figure><img loading=\"lazy\" decoding=\"async\" width=\"300\" height=\"194\" class=\"alignright wp-image-2512 size-medium\" src=\"https:\/\/www.ornithologies.fr\/blog\/competitions\/wp-content\/uploads\/sites\/5\/calendrier-300x194.png\" alt=\"\" srcset=\"https:\/\/www.ornithologies.fr\/blog\/competitions\/wp-content\/uploads\/sites\/5\/calendrier-300x194.png 300w, https:\/\/www.ornithologies.fr\/blog\/competitions\/wp-content\/uploads\/sites\/5\/calendrier-150x97.png 150w, https:\/\/www.ornithologies.fr\/blog\/competitions\/wp-content\/uploads\/sites\/5\/calendrier-400x260.png 400w, https:\/\/www.ornithologies.fr\/blog\/competitions\/wp-content\/uploads\/sites\/5\/calendrier.png 405w\" sizes=\"auto, (max-width: 300px) 100vw, 300px\" \/><\/figure>Retrouvez tous les concours UOF programm\u00e9s cette ann\u00e9e.<\/h2>\n\n\n\n<p>L&#8217;agenda est mis \u00e0 jour mensuellement depuis les informations recueillies dans Ornithonet. Y figurent \u00e9galement les concours organis\u00e9s par les clubs techniques affili\u00e9s \u00e0 l&#8217;UOF.<\/p>\n\n\n\n<!--more-->\n\n\n\n<p class=\"has-text-align-center\"><a href=\"https:\/\/www.ornithologies.fr\/blog\/competitions\/wp-content\/uploads\/sites\/5\/concoursuof.pdf\" target=\"_blank\" rel=\"noreferrer noopener\"><img loading=\"lazy\" decoding=\"async\" width=\"40\" height=\"40\" class=\"alignnone\" src=\"https:\/\/www.ornithologies.fr\/blog\/competitions\/wp-content\/uploads\/sites\/5\/Imprimer.png\" alt=\"\"> T\u00e9l\u00e9charger en PDF<\/a><\/p>\n\n\n\n<hr class=\"wp-block-separator has-alpha-channel-opacity\"\/>\n\n\n\n<h5 class=\"wp-block-heading\"><span class=\"texterouge\">Rappel important \u00e0 l&#8217;attention des organisateurs :<\/span> votre concours doit \u00eatre r\u00e9pertori\u00e9 dans Ornithonet pour pouvoir utiliser le logiciel de concours de l&#8217;UOF.<\/h5>\n\n\n\n<hr class=\"wp-block-separator has-alpha-channel-opacity\"\/>\n\n\n<div class=\"bc_random_banner\" data-id=\"58\" data-url=\"https:\/\/www.ornithologies.fr\/blog\/competitions\/wp-admin\/admin-ajax.php?action=bc_rb_ads_click&#038;nonce=5ded44b801\"><a target=\"_blank\" href=\"https:\/\/ardapcare.com\/en\/collections\/vogelprodukte\" title=\"Pub-Quiko-canari\"><img decoding=\"async\"  src=\"https:\/\/www.ornithologies.fr\/blog\/wp-content\/uploads\/Pub-Quiko-canari.jpg?v=354532\"  title=\"Pub-Quiko-canari\"\/><\/a><\/div>\n","protected":false},"excerpt":{"rendered":"<p>Retrouvez tous les concours UOF programm\u00e9s cette ann\u00e9e. L&#8217;agenda est mis \u00e0 jour mensuellement depuis les informations recueillies dans Ornithonet. Y figurent \u00e9galement les concours organis\u00e9s par les clubs techniques <a href=\"https:\/\/www.ornithologies.fr\/blog\/competitions\/agenda\/\" class=\"read-more button-fancy -red\"><span class=\"btn-arrow\"><\/span><span class=\"twp-read-more text\">Continuer la lecture<\/span><\/a><\/p>\n","protected":false},"author":1,"featured_media":0,"parent":0,"menu_order":1,"comment_status":"closed","ping_status":"closed","template":"","meta":{"footnotes":""},"class_list":["post-1143","page","type-page","status-publish","hentry"],"_links":{"self":[{"href":"https:\/\/www.ornithologies.fr\/blog\/competitions\/wp-json\/wp\/v2\/pages\/1143","targetHints":{"allow":["GET"]}}],"collection":[{"href":"https:\/\/www.ornithologies.fr\/blog\/competitions\/wp-json\/wp\/v2\/pages"}],"about":[{"href":"https:\/\/www.ornithologies.fr\/blog\/competitions\/wp-json\/wp\/v2\/types\/page"}],"author":[{"embeddable":true,"href":"https:\/\/www.ornithologies.fr\/blog\/competitions\/wp-json\/wp\/v2\/users\/1"}],"replies":[{"embeddable":true,"href":"https:\/\/www.ornithologies.fr\/blog\/competitions\/wp-json\/wp\/v2\/comments?post=1143"}],"version-history":[{"count":25,"href":"https:\/\/www.ornithologies.fr\/blog\/competitions\/wp-json\/wp\/v2\/pages\/1143\/revisions"}],"predecessor-version":[{"id":3126,"href":"https:\/\/www.ornithologies.fr\/blog\/competitions\/wp-json\/wp\/v2\/pages\/1143\/revisions\/3126"}],"wp:attachment":[{"href":"https:\/\/www.ornithologies.fr\/blog\/competitions\/wp-json\/wp\/v2\/media?parent=1143"}],"curies":[{"name":"wp","href":"https:\/\/api.w.org\/{rel}","templated":true}]}}